{"id":8003,"date":"2022-06-15T15:08:15","date_gmt":"2022-06-15T20:08:15","guid":{"rendered":"https:\/\/ateneo.co\/landing\/?page_id=8003"},"modified":"2025-08-01T13:28:06","modified_gmt":"2025-08-01T18:28:06","slug":"claves-para-hacer-engagement-digital-con-medicos","status":"publish","type":"page","link":"https:\/\/ateneo.co\/landing\/claves-para-hacer-engagement-digital-con-medicos\/","title":{"rendered":"Claves para hacer Engagement digital con m\u00e9dicos"},"content":{"rendered":"","protected":false},"excerpt":{"rendered":"<p>Los secretos del engagement de m\u00e9dicos en medios digitales en la postpandemia y lo que NO debe hacerse para fidelizar m\u00e9dicos en el metaverso<\/p>\n","protected":false},"author":1,"featured_media":8104,"parent":0,"menu_order":0,"comment_status":"closed","ping_status":"closed","template":"","meta":{"_acf_changed":false,"_et_pb_use_builder":"on","_et_pb_old_content":"","_et_gb_content_width":"","footnotes":""},"class_list":["post-8003","page","type-page","status-publish","has-post-thumbnail","hentry"],"acf":[],"_links":{"self":[{"href":"https:\/\/ateneo.co\/landing\/wp-json\/wp\/v2\/pages\/8003","targetHints":{"allow":["GET"]}}],"collection":[{"href":"https:\/\/ateneo.co\/landing\/wp-json\/wp\/v2\/pages"}],"about":[{"href":"https:\/\/ateneo.co\/landing\/wp-json\/wp\/v2\/types\/page"}],"author":[{"embeddable":true,"href":"https:\/\/ateneo.co\/landing\/wp-json\/wp\/v2\/users\/1"}],"replies":[{"embeddable":true,"href":"https:\/\/ateneo.co\/landing\/wp-json\/wp\/v2\/comments?post=8003"}],"version-history":[{"count":8,"href":"https:\/\/ateneo.co\/landing\/wp-json\/wp\/v2\/pages\/8003\/revisions"}],"predecessor-version":[{"id":15074,"href":"https:\/\/ateneo.co\/landing\/wp-json\/wp\/v2\/pages\/8003\/revisions\/15074"}],"wp:featuredmedia":[{"embeddable":true,"href":"https:\/\/ateneo.co\/landing\/wp-json\/wp\/v2\/media\/8104"}],"wp:attachment":[{"href":"https:\/\/ateneo.co\/landing\/wp-json\/wp\/v2\/media?parent=8003"}],"curies":[{"name":"wp","href":"https:\/\/api.w.org\/{rel}","templated":true}]}}